{"id":8,"date":"2023-12-08T21:37:21","date_gmt":"2023-12-08T21:37:21","guid":{"rendered":"https:\/\/hapkidomontilla.es\/?page_id=8"},"modified":"2024-04-26T14:22:44","modified_gmt":"2024-04-26T14:22:44","slug":"inicio","status":"publish","type":"page","link":"https:\/\/hapkidomontilla.es\/","title":{"rendered":"HAPKIDO MONTILLA BIENVENDIO A NUESTRA ESCUELA"},"content":{"rendered":"\n<p class=\"has-text-align-left\"><meta charset=\"utf-8\"><\/p>\n\n\n\n<p>\u00a1Bienvenido a nuestra web! Si est\u00e1s buscando un lugar ideal para iniciarte en el hermoso arte del Hapkido, has llegado al lugar correcto. Nuestra escuela cuenta con&nbsp;<strong>20 a\u00f1os de experiencia<\/strong>&nbsp;impartiendo clases para todas las edades y niveles, adaptadas a todo tipo de p\u00fablico.<\/p>\n\n\n\n<p>En nuestra p\u00e1gina web, encontrar\u00e1s toda la informaci\u00f3n que necesitas sobre nuestra escuela y este maravilloso arte marcial. Sigue los enlaces y disfruta de cada secci\u00f3n. \u00a1Te esperamos!<\/p>\n\n\n\n<div style=\"height:55px\" aria-hidden=\"true\" class=\"wp-block-spacer\"><\/div>\n\n\n\n<div class=\"wp-block-group alignfull has-background is-layout-flow wp-block-group-is-layout-flow\" style=\"background-color:#e5e9ec\">\n<div class=\"wp-block-columns is-layout-flex wp-container-core-columns-is-layout-28f84493 wp-block-columns-is-layout-flex\">\n<div class=\"wp-block-column is-vertically-aligned-center is-layout-flow wp-block-column-is-layout-flow\">\n<h2 class=\"wp-block-heading has-text-align-center\">Nuestra escuela<\/h2>\n\n\n\n<p style=\"padding-left: 40px;\">\u00abNuestro Dochang se caracteriza por su amplitud y luminosidad. Disponemos de una amplia sala de tatami de&nbsp;<strong>70 metros cuadrados<\/strong>&nbsp;con altos techos que proporcionan una sensaci\u00f3n de amplitud y libertad. Adem\u00e1s, contamos con un gran recibidor para atender a las visitas y espectadores que deseen quedarse a ver las clases de Hapkido, as\u00ed como las dem\u00e1s actividades que organizamos.<\/p>\n\n\n\n<p class=\"has-text-align-left\"><\/p>\n\n\n\n<p style=\"padding-left: 40px;\">En nuestro Dochang, podr\u00e1s disfrutar de un ambiente acogedor y seguro, donde podr\u00e1s aprender y mejorar tus habilidades en el arte del Hapkido. \u00a1Te esperamos!\u00bb<\/p>\n\n\n\n<p class=\"has-text-align-left\"><\/p>\n\n\n\n<div class=\"wp-block-buttons is-horizontal is-content-justification-center is-layout-flex wp-container-core-buttons-is-layout-03627597 wp-block-buttons-is-layout-flex\">\n<div class=\"wp-block-button is-style-outline is-style-outline--1\"><a class=\"wp-block-button__link wp-element-button\" href=\"https:\/\/hapkidomontilla.es\/index.php\/historia\/\">Nuestra escuela<\/a><\/div>\n<\/div>\n<\/div>\n\n\n\n<div class=\"wp-block-column is-layout-flow wp-block-column-is-layout-flow\">\n<div style=\"height:48px\" aria-hidden=\"true\" class=\"wp-block-spacer\"><\/div>\n\n\n\n<figure class=\"wp-block-gallery has-nested-images columns-default is-cropped wp-block-gallery-2 is-layout-flex wp-block-gallery-is-layout-flex\">\n<figure class=\"wp-block-image size-large\"><img fetchpriority=\"high\" decoding=\"async\" width=\"1024\" height=\"576\" data-id=\"43\" src=\"https:\/\/hapkidomontilla.es\/wp-content\/uploads\/2023\/12\/photo_2023-11-12_11-16-51-1024x576.jpg\" alt=\"Vista desde el interior de la sala tatami, Dochang hapkido Montilla\" class=\"wp-image-43\" srcset=\"https:\/\/hapkidomontilla.es\/wp-content\/uploads\/2023\/12\/photo_2023-11-12_11-16-51-1024x576.jpg 1024w, https:\/\/hapkidomontilla.es\/wp-content\/uploads\/2023\/12\/photo_2023-11-12_11-16-51-300x169.jpg 300w, https:\/\/hapkidomontilla.es\/wp-content\/uploads\/2023\/12\/photo_2023-11-12_11-16-51-768x432.jpg 768w, https:\/\/hapkidomontilla.es\/wp-content\/uploads\/2023\/12\/photo_2023-11-12_11-16-51-600x338.jpg 600w, https:\/\/hapkidomontilla.es\/wp-content\/uploads\/2023\/12\/photo_2023-11-12_11-16-51-1200x675.jpg 1200w, https:\/\/hapkidomontilla.es\/wp-content\/uploads\/2023\/12\/photo_2023-11-12_11-16-51.jpg 1280w\" sizes=\"(max-width: 1024px) 100vw, 1024px\" \/><\/figure>\n<\/figure>\n<\/div>\n<\/div>\n<\/div>\n\n\n\n<div style=\"height:40px\" aria-hidden=\"true\" class=\"wp-block-spacer\"><\/div>\n\n\n\n<div class=\"wp-block-group alignfull is-layout-flow wp-block-group-is-layout-flow\">\n<div class=\"wp-block-columns are-vertically-aligned-top is-layout-flex wp-container-core-columns-is-layout-28f84493 wp-block-columns-is-layout-flex\">\n<div class=\"wp-block-column is-vertically-aligned-top is-layout-flow wp-block-column-is-layout-flow\">\n<figure class=\"wp-block-image alignleft size-large\"><img decoding=\"async\" width=\"1024\" height=\"576\" src=\"https:\/\/hapkidomontilla.es\/wp-content\/uploads\/2023\/12\/photo_2023-12-21_00-25-57-1024x576.jpg\" alt=\"Grupo adultos, Hapkido Montilla\" class=\"wp-image-179\" srcset=\"https:\/\/hapkidomontilla.es\/wp-content\/uploads\/2023\/12\/photo_2023-12-21_00-25-57-1024x576.jpg 1024w, https:\/\/hapkidomontilla.es\/wp-content\/uploads\/2023\/12\/photo_2023-12-21_00-25-57-300x169.jpg 300w, https:\/\/hapkidomontilla.es\/wp-content\/uploads\/2023\/12\/photo_2023-12-21_00-25-57-768x432.jpg 768w, https:\/\/hapkidomontilla.es\/wp-content\/uploads\/2023\/12\/photo_2023-12-21_00-25-57-600x338.jpg 600w, https:\/\/hapkidomontilla.es\/wp-content\/uploads\/2023\/12\/photo_2023-12-21_00-25-57-1200x675.jpg 1200w, https:\/\/hapkidomontilla.es\/wp-content\/uploads\/2023\/12\/photo_2023-12-21_00-25-57.jpg 1280w\" sizes=\"(max-width: 1024px) 100vw, 1024px\" \/><\/figure>\n<\/div>\n\n\n\n<div class=\"wp-block-column is-vertically-aligned-top is-layout-flow wp-block-column-is-layout-flow\">\n<h2 class=\"wp-block-heading\">Nuestras clases<\/h2>\n\n\n\n<p>En nuestra escuela, las clases se caracterizan por la empat\u00eda y el sentimiento que se pone en cada una de nuestras clases. Creemos que es importante crear un v\u00ednculo m\u00e1s all\u00e1 del compa\u00f1erismo, y por eso, nos consideramos una gran familia.<\/p>\n<p>Adem\u00e1s, nuestras clases est\u00e1n dise\u00f1adas para ser inclusivas y adaptadas a todos los niveles de habilidad, desde principiantes hasta avanzados.<\/p>\n<p>En nuestra escuela, no solo aprender\u00e1s habilidades de defensa personal, sino que tambi\u00e9n desarrollar\u00e1s tu confianza, disciplina y autocontrol. \u00a1\u00danete a nuestra familia hoy y comienza tu viaje en el arte del Hapkido!<\/p>\n\n\n\n<p><\/p>\n\n\n\n<div class=\"wp-block-buttons is-content-justification-center is-layout-flex wp-container-core-buttons-is-layout-a89b3969 wp-block-buttons-is-layout-flex\">\n<div class=\"wp-block-button is-style-outline is-style-outline--3\"><a class=\"wp-block-button__link wp-element-button\" href=\"https:\/\/hapkidomontilla.es\/index.php\/eventos\/\">Eventos<\/a><\/div>\n<\/div>\n<\/div>\n<\/div>\n<\/div>\n\n\n\n<div style=\"height:24px\" aria-hidden=\"true\" class=\"wp-block-spacer\"><\/div>\n\n\n\n<div class=\"wp-block-group alignfull has-black-background-color has-background is-layout-flow wp-block-group-is-layout-flow\">\n<h2 class=\"wp-block-heading has-text-align-center has-white-color has-text-color\"><strong>Galer<\/strong>\u00eda<\/h2>\n\n\n\n<figure class=\"wp-block-gallery aligncenter has-nested-images columns-default is-cropped wp-block-gallery-4 is-layout-flex wp-block-gallery-is-layout-flex\">\n<figure class=\"wp-block-image size-large\"><img decoding=\"async\" width=\"1024\" height=\"576\" data-id=\"45\" src=\"https:\/\/hapkidomontilla.es\/wp-content\/uploads\/2023\/12\/photo_2023-11-12_11-16-41-1024x576.jpg\" alt=\"\" class=\"wp-image-45\" srcset=\"https:\/\/hapkidomontilla.es\/wp-content\/uploads\/2023\/12\/photo_2023-11-12_11-16-41-1024x576.jpg 1024w, https:\/\/hapkidomontilla.es\/wp-content\/uploads\/2023\/12\/photo_2023-11-12_11-16-41-300x169.jpg 300w, https:\/\/hapkidomontilla.es\/wp-content\/uploads\/2023\/12\/photo_2023-11-12_11-16-41-768x432.jpg 768w, https:\/\/hapkidomontilla.es\/wp-content\/uploads\/2023\/12\/photo_2023-11-12_11-16-41-600x338.jpg 600w, https:\/\/hapkidomontilla.es\/wp-content\/uploads\/2023\/12\/photo_2023-11-12_11-16-41-1200x675.jpg 1200w, https:\/\/hapkidomontilla.es\/wp-content\/uploads\/2023\/12\/photo_2023-11-12_11-16-41.jpg 1280w\" sizes=\"(max-width: 1024px) 100vw, 1024px\" \/><\/figure>\n\n\n\n<figure class=\"wp-block-image size-large\"><img loading=\"lazy\" decoding=\"async\" width=\"1024\" height=\"576\" data-id=\"50\" src=\"https:\/\/hapkidomontilla.es\/wp-content\/uploads\/2023\/12\/photo_2023-11-12_11-17-00-1024x576.jpg\" alt=\"\" class=\"wp-image-50\" srcset=\"https:\/\/hapkidomontilla.es\/wp-content\/uploads\/2023\/12\/photo_2023-11-12_11-17-00-1024x576.jpg 1024w, https:\/\/hapkidomontilla.es\/wp-content\/uploads\/2023\/12\/photo_2023-11-12_11-17-00-300x169.jpg 300w, https:\/\/hapkidomontilla.es\/wp-content\/uploads\/2023\/12\/photo_2023-11-12_11-17-00-768x432.jpg 768w, https:\/\/hapkidomontilla.es\/wp-content\/uploads\/2023\/12\/photo_2023-11-12_11-17-00-600x338.jpg 600w, https:\/\/hapkidomontilla.es\/wp-content\/uploads\/2023\/12\/photo_2023-11-12_11-17-00-1200x675.jpg 1200w, https:\/\/hapkidomontilla.es\/wp-content\/uploads\/2023\/12\/photo_2023-11-12_11-17-00.jpg 1280w\" sizes=\"(max-width: 1024px) 100vw, 1024px\" \/><\/figure>\n\n\n\n<figure class=\"wp-block-image size-large\"><img loading=\"lazy\" decoding=\"async\" width=\"1024\" height=\"576\" data-id=\"43\" src=\"https:\/\/hapkidomontilla.es\/wp-content\/uploads\/2023\/12\/photo_2023-11-12_11-16-51-1024x576.jpg\" alt=\"\" class=\"wp-image-43\" srcset=\"https:\/\/hapkidomontilla.es\/wp-content\/uploads\/2023\/12\/photo_2023-11-12_11-16-51-1024x576.jpg 1024w, https:\/\/hapkidomontilla.es\/wp-content\/uploads\/2023\/12\/photo_2023-11-12_11-16-51-300x169.jpg 300w, https:\/\/hapkidomontilla.es\/wp-content\/uploads\/2023\/12\/photo_2023-11-12_11-16-51-768x432.jpg 768w, https:\/\/hapkidomontilla.es\/wp-content\/uploads\/2023\/12\/photo_2023-11-12_11-16-51-600x338.jpg 600w, https:\/\/hapkidomontilla.es\/wp-content\/uploads\/2023\/12\/photo_2023-11-12_11-16-51-1200x675.jpg 1200w, https:\/\/hapkidomontilla.es\/wp-content\/uploads\/2023\/12\/photo_2023-11-12_11-16-51.jpg 1280w\" sizes=\"(max-width: 1024px) 100vw, 1024px\" \/><\/figure>\n\n\n\n<figure class=\"wp-block-image size-large\"><img decoding=\"async\" width=\"1024\" height=\"576\" data-id=\"45\" src=\"https:\/\/hapkidomontilla.es\/wp-content\/uploads\/2023\/12\/photo_2023-11-12_11-16-41-1024x576.jpg\" alt=\"\" class=\"wp-image-45\" srcset=\"https:\/\/hapkidomontilla.es\/wp-content\/uploads\/2023\/12\/photo_2023-11-12_11-16-41-1024x576.jpg 1024w, https:\/\/hapkidomontilla.es\/wp-content\/uploads\/2023\/12\/photo_2023-11-12_11-16-41-300x169.jpg 300w, https:\/\/hapkidomontilla.es\/wp-content\/uploads\/2023\/12\/photo_2023-11-12_11-16-41-768x432.jpg 768w, https:\/\/hapkidomontilla.es\/wp-content\/uploads\/2023\/12\/photo_2023-11-12_11-16-41-600x338.jpg 600w, https:\/\/hapkidomontilla.es\/wp-content\/uploads\/2023\/12\/photo_2023-11-12_11-16-41-1200x675.jpg 1200w, https:\/\/hapkidomontilla.es\/wp-content\/uploads\/2023\/12\/photo_2023-11-12_11-16-41.jpg 1280w\" sizes=\"(max-width: 1024px) 100vw, 1024px\" \/><\/figure>\n\n\n\n<figure class=\"wp-block-image size-large\"><img loading=\"lazy\" decoding=\"async\" width=\"1024\" height=\"716\" data-id=\"24\" src=\"https:\/\/hapkidomontilla.es\/wp-content\/uploads\/2023\/12\/photo_2023-11-12_10-47-08-1024x716.jpg\" alt=\"\" class=\"wp-image-24\" srcset=\"https:\/\/hapkidomontilla.es\/wp-content\/uploads\/2023\/12\/photo_2023-11-12_10-47-08-1024x716.jpg 1024w, https:\/\/hapkidomontilla.es\/wp-content\/uploads\/2023\/12\/photo_2023-11-12_10-47-08-300x210.jpg 300w, https:\/\/hapkidomontilla.es\/wp-content\/uploads\/2023\/12\/photo_2023-11-12_10-47-08-768x537.jpg 768w, https:\/\/hapkidomontilla.es\/wp-content\/uploads\/2023\/12\/photo_2023-11-12_10-47-08-600x420.jpg 600w, https:\/\/hapkidomontilla.es\/wp-content\/uploads\/2023\/12\/photo_2023-11-12_10-47-08-1200x839.jpg 1200w, https:\/\/hapkidomontilla.es\/wp-content\/uploads\/2023\/12\/photo_2023-11-12_10-47-08.jpg 1280w\" sizes=\"(max-width: 1024px) 100vw, 1024px\" \/><\/figure>\n\n\n\n<figure class=\"wp-block-image size-large\"><img loading=\"lazy\" decoding=\"async\" width=\"1024\" height=\"576\" data-id=\"49\" src=\"https:\/\/hapkidomontilla.es\/wp-content\/uploads\/2023\/12\/photo_2023-11-12_11-16-58-1024x576.jpg\" alt=\"\" class=\"wp-image-49\" srcset=\"https:\/\/hapkidomontilla.es\/wp-content\/uploads\/2023\/12\/photo_2023-11-12_11-16-58-1024x576.jpg 1024w, https:\/\/hapkidomontilla.es\/wp-content\/uploads\/2023\/12\/photo_2023-11-12_11-16-58-300x169.jpg 300w, https:\/\/hapkidomontilla.es\/wp-content\/uploads\/2023\/12\/photo_2023-11-12_11-16-58-768x432.jpg 768w, https:\/\/hapkidomontilla.es\/wp-content\/uploads\/2023\/12\/photo_2023-11-12_11-16-58-600x338.jpg 600w, https:\/\/hapkidomontilla.es\/wp-content\/uploads\/2023\/12\/photo_2023-11-12_11-16-58-1200x675.jpg 1200w, https:\/\/hapkidomontilla.es\/wp-content\/uploads\/2023\/12\/photo_2023-11-12_11-16-58.jpg 1280w\" sizes=\"(max-width: 1024px) 100vw, 1024px\" \/><\/figure>\n<\/figure>\n<\/div>\n\n\n\n<div class=\"wp-block-cover alignfull has-parallax is-light is-position-center-center\" style=\"min-height:375px;aspect-ratio:unset;\"><span aria-hidden=\"true\" class=\"wp-block-cover__background has-black-background-color has-background-dim-40 has-background-dim\"><\/span><div class=\"wp-block-cover__image-background wp-image-159 has-parallax\" style=\"background-position:50% 50%;background-image:url(https:\/\/hapkidomontilla.es\/wp-content\/uploads\/2023\/12\/StockSnap_89BQZ89TLH.jpg)\"><\/div><div class=\"wp-block-cover__inner-container is-layout-flow wp-block-cover-is-layout-flow\">\n<p class=\"has-text-align-center has-text-color has-huge-font-size\" style=\"color:#fffffa;line-height:1.1\"><strong>EL MAYOR RETO ES SUPERARSE A SI MISMO<\/strong><\/p>\n\n\n\n<p class=\"has-text-align-center\"><\/p>\n\n\n\n<div style=\"height:39px\" aria-hidden=\"true\" class=\"wp-block-spacer\"><\/div>\n\n\n\n<div class=\"wp-block-buttons is-horizontal is-content-justification-center is-layout-flex wp-container-core-buttons-is-layout-03627597 wp-block-buttons-is-layout-flex\">\n<div class=\"wp-block-button is-style-outline is-style-outline--5\"><a class=\"wp-block-button__link has-white-color has-text-color wp-element-button\" href=\"https:\/\/hapkidomontilla.es\/index.php\/contacto\/\">ContactO<\/a><\/div>\n<\/div>\n<\/div><\/div>\n","protected":false},"excerpt":{"rendered":"<p>\u00a1Bienvenido a nuestra web! Si est\u00e1s buscando un lugar ideal para iniciarte en el hermoso arte del Hapkido, has llegado al lugar correcto. Nuestra escuela cuenta con&nbsp;20 a\u00f1os de experiencia&nbsp;impartiendo clases para todas las edades y niveles, adaptadas a todo tipo de p\u00fablico. En nuestra p\u00e1gina web, encontrar\u00e1s toda la informaci\u00f3n que necesitas sobre nuestra &hellip; <\/p>\n<p class=\"link-more\"><a href=\"https:\/\/hapkidomontilla.es\/\" class=\"more-link\">Leer m\u00e1s<span class=\"screen-reader-text\"> \u00abHAPKIDO MONTILLA BIENVENDIO A NUESTRA ESCUELA\u00bb<\/span><\/a><\/p>\n","protected":false},"author":1,"featured_media":24,"parent":0,"menu_order":0,"comment_status":"closed","ping_status":"closed","template":"","meta":{"footnotes":""},"class_list":["post-8","page","type-page","status-publish","has-post-thumbnail","hentry"],"featured_media_urls":{"thumbnail":["https:\/\/hapkidomontilla.es\/wp-content\/uploads\/2023\/12\/photo_2023-11-12_10-47-08-150x150.jpg",150,150,true],"medium":["https:\/\/hapkidomontilla.es\/wp-content\/uploads\/2023\/12\/photo_2023-11-12_10-47-08-300x210.jpg",300,210,true],"medium_large":["https:\/\/hapkidomontilla.es\/wp-content\/uploads\/2023\/12\/photo_2023-11-12_10-47-08-768x537.jpg",768,537,true],"large":["https:\/\/hapkidomontilla.es\/wp-content\/uploads\/2023\/12\/photo_2023-11-12_10-47-08-1024x716.jpg",950,664,true],"1536x1536":["https:\/\/hapkidomontilla.es\/wp-content\/uploads\/2023\/12\/photo_2023-11-12_10-47-08.jpg",1280,895,false],"2048x2048":["https:\/\/hapkidomontilla.es\/wp-content\/uploads\/2023\/12\/photo_2023-11-12_10-47-08.jpg",1280,895,false],"inspiro-featured-image":["https:\/\/hapkidomontilla.es\/wp-content\/uploads\/2023\/12\/photo_2023-11-12_10-47-08.jpg",1280,895,false],"inspiro-loop":["https:\/\/hapkidomontilla.es\/wp-content\/uploads\/2023\/12\/photo_2023-11-12_10-47-08-950x320.jpg",950,320,true],"inspiro-loop@2x":["https:\/\/hapkidomontilla.es\/wp-content\/uploads\/2023\/12\/photo_2023-11-12_10-47-08-1280x640.jpg",1280,640,true],"portfolio_item-thumbnail":["https:\/\/hapkidomontilla.es\/wp-content\/uploads\/2023\/12\/photo_2023-11-12_10-47-08-600x400.jpg",600,400,true],"portfolio_item-thumbnail@2x":["https:\/\/hapkidomontilla.es\/wp-content\/uploads\/2023\/12\/photo_2023-11-12_10-47-08-1200x800.jpg",1200,800,true],"portfolio_item-masonry":["https:\/\/hapkidomontilla.es\/wp-content\/uploads\/2023\/12\/photo_2023-11-12_10-47-08-600x420.jpg",600,420,true],"portfolio_item-masonry@2x":["https:\/\/hapkidomontilla.es\/wp-content\/uploads\/2023\/12\/photo_2023-11-12_10-47-08-1200x839.jpg",1200,839,true],"portfolio_item-thumbnail_cinema":["https:\/\/hapkidomontilla.es\/wp-content\/uploads\/2023\/12\/photo_2023-11-12_10-47-08-800x335.jpg",800,335,true],"portfolio_item-thumbnail_portrait":["https:\/\/hapkidomontilla.es\/wp-content\/uploads\/2023\/12\/photo_2023-11-12_10-47-08-600x895.jpg",600,895,true],"portfolio_item-thumbnail_portrait@2x":["https:\/\/hapkidomontilla.es\/wp-content\/uploads\/2023\/12\/photo_2023-11-12_10-47-08-1200x895.jpg",1200,895,true],"portfolio_item-thumbnail_square":["https:\/\/hapkidomontilla.es\/wp-content\/uploads\/2023\/12\/photo_2023-11-12_10-47-08-800x800.jpg",800,800,true]},"_links":{"self":[{"href":"https:\/\/hapkidomontilla.es\/index.php\/wp-json\/wp\/v2\/pages\/8","targetHints":{"allow":["GET"]}}],"collection":[{"href":"https:\/\/hapkidomontilla.es\/index.php\/wp-json\/wp\/v2\/pages"}],"about":[{"href":"https:\/\/hapkidomontilla.es\/index.php\/wp-json\/wp\/v2\/types\/page"}],"author":[{"embeddable":true,"href":"https:\/\/hapkidomontilla.es\/index.php\/wp-json\/wp\/v2\/users\/1"}],"replies":[{"embeddable":true,"href":"https:\/\/hapkidomontilla.es\/index.php\/wp-json\/wp\/v2\/comments?post=8"}],"version-history":[{"count":36,"href":"https:\/\/hapkidomontilla.es\/index.php\/wp-json\/wp\/v2\/pages\/8\/revisions"}],"predecessor-version":[{"id":371,"href":"https:\/\/hapkidomontilla.es\/index.php\/wp-json\/wp\/v2\/pages\/8\/revisions\/371"}],"wp:featuredmedia":[{"embeddable":true,"href":"https:\/\/hapkidomontilla.es\/index.php\/wp-json\/wp\/v2\/media\/24"}],"wp:attachment":[{"href":"https:\/\/hapkidomontilla.es\/index.php\/wp-json\/wp\/v2\/media?parent=8"}],"curies":[{"name":"wp","href":"https:\/\/api.w.org\/{rel}","templated":true}]}}